 a factor of 1195394585?
False
Is 329 a factor of 42813926?
False
Is 219479465 a multiple of 77?
False
Does 30 divide 63569430?
True
Is 790572848 a multiple of 236?
False
Does 6 divide 30238512?
True
Is 2769 a factor of 470093130?
True
Does 344 divide 4798195?
False
Does 730 divide 41385358?
False
Is 1377288826 a multiple of 20?
False
Is 30998952 a multiple of 8?
True
Is 835 a factor of 374219445?
True
Is 352 a factor of 430272051?
False
Is 41146404 a multiple of 12?
True
Does 65 divide 3127475?
True
Does 78 divide 3009906699?
False
Does 339 divide 7651067?
False
Is 49 a factor of 33593390?
False
Is 358837344 a multiple of 4?
True
Is 913 a factor of 198500808?
True
Does 17 divide 279702040?
False
Does 9 divide 14818833?
True
Does 1801 divide 4576085258?
True
Is 57562931 a multiple of 13?
False
Is 403339284 a multiple of 3438?
True
Is 7404020 a multiple of 13?
True
Is 938294742 a multiple of 7?
True
Is 3909286677 a multiple of 566?
False
Is 25 a factor of 116232570?
False
Does 1033 divide 107789418?
True
Is 32350536 a multiple of 672?
False
Does 55 divide 49403536?
False
Is 46 a factor of 1022150429?
False
Is 116342686 a multiple of 666?
False
Is 86728935 a multiple of 296?
False
Is 468742100 a multiple of 1141?
False
Is 1863 a factor of 22721148?
True
Is 8 a factor of 703242496?
True
Is 4252425 a multiple of 31?
True
Is 24 a factor of 94942080?
True
Is 10665780 a multiple of 20?
True
Is 939978648 a multiple of 9?
True
Is 1460860 a multiple of 5?
True
Is 130495285 a multiple of 106?
False
Is 8 a factor of 26382992?
True
Is 33 a factor of 35812289?
False
Is 372749783 a multiple of 2230?
False
Is 1136 a factor of 13330503?
False
Is 405 a factor of 182331193?
False
Is 508884929 a multiple of 6?
False
Does 25 divide 200791425?
True
Is 8527508 a multiple of 164?
True
Does 390 divide 24741657?
False
Does 13 divide 720616?
True
Is 1864526 a multiple of 122?
True
Is 9353389 a multiple of 79?
False
Is 362 a factor of 2314314656?
False
Is 1395715 a multiple of 109?
False
Is 20426133 a multiple of 37?
False
Is 639851516 a multiple of 917?
False
Is 332327050 a multiple of 5?
True
Is 74 a factor of 154217406?
True
Is 11057104 a multiple of 5?
False
Is 2713 a factor of 198762519?
True
Does 63 divide 746617432?
False
Is 2299758552 a multiple of 72?
True
Is 8303197 a multiple of 7?
True
Is 28779058 a multiple of 72?
False
Does 13 divide 1884023476?
False
Is 287530854 a multiple of 78?
True
Is 34517140 a multiple of 70?
True
Is 10 a factor of 16657590?
True
Does 13 divide 289657628?
True
Is 3416243 a multiple of 41?
True
Is 1157 a factor of 24003481?
False
Is 74 a factor of 958743365?
False
Is 1659 a factor of 44763138?
True
Is 2150942877 a multiple of 10?
False
Is 1110 a factor of 114719610?
True
Does 5 divide 1428240?
True
Is 25926821 a multiple of 857?
True
Is 10855199 a multiple of 121?
False
Does 80 divide 7054954?
False
Does 787 divide 1036621447?
True
Does 258 divide 38904239?
False
Is 11144250 a multiple of 25?
True
Does 199 divide 544110689?
False
Is 62 a factor of 20650588?
True
Is 340 a factor of 27758280?
True
Is 66 a factor of 8129308?
False
Does 2020 divide 419278484?
False
Is 25 a factor of 212136875?
True
Does 1151 divide 626221043?
False
Is 50900308 a multiple of 280?
False
Is 14 a factor of 2775353588?
True
Is 30371746 a multiple of 1510?
False
Is 11258313 a multiple of 67?
False
Is 12664 a factor of 1154551552?
True
Does 58 divide 390121630?
True
Is 5609428 a multiple of 44?
True
Is 3444 a factor of 1598962865?
False
Does 426 divide 20685125?
False
Does 517 divide 857346090?
False
Is 832 a factor of 2615917599?
False
Is 4067610 a multiple of 11?
False
Does 23 divide 10122892?
False
Is 5437 a factor of 2115973996?
False
Does 12 divide 41788472?
False
Does 37 divide 100403925?
False
Is 16984533 a multiple of 919?
False
Does 14 divide 98105535?
False
Is 9 a factor of 23210074?
False
Is 68247729 a multiple of 31?
False
Is 207 a factor of 872650935?
True
Does 1414 divide 1024629648?
True
Is 45927210 a multiple of 1949?
False
Is 108 a factor of 69049692?
True
Does 252 divide 181605816?
True
Does 2924 divide 2395424841?
False
Is 1650 a factor of 108849517?
False
Does 279 divide 742418057?
False
Does 45 divide 34898670?
True
Is 38 a factor of 172998245?
False
Is 810 a factor of 70141950?
True
Does 19 divide 38764808?
False
Is 6404799 a multiple of 230?
False
Is 207 a factor of 19265074?
False
Is 10245760 a multiple of 448?
True
Does 95 divide 407486065?
True
Is 29 a factor of 549105794?
False
Is 2719005317 a multiple of 1493?
True
Is 808193394 a multiple of 82?
True
Does 523 divide 18027810?
True
Does 23 divide 1896251176?
False
Does 425 divide 47486241?
False
Does 312 divide 70980312?
True
Does 43 divide 1099447?
False
Is 1669576500 a multiple of 30?
True
Is 353 a factor of 18361648?
True
Is 25814341 a multiple of 5?
False
Is 1784431 a multiple of 77?
False
Does 13 divide 224055902?
False
Is 73 a factor of 39394669?
True
Does 76 divide 38108516?
False
Does 126 divide 16666776?
True
Does 39 divide 11696373?
True
Is 7216497 a multiple of 8?
False
Is 4 a factor of 6558610?
False
Is 454 a factor of 35138698?
False
Is 144 a factor of 35249328?
True
Is 116550178 a multiple of 35?
False
Is 135 a factor of 1010930355?
True
Is 8 a factor of 527032?
True
Does 14 divide 8089761?
False
Is 77982438 a multiple of 154?
False
Does 65 divide 42387378?
False
Is 243186604 a multiple of 428?
True
Is 101137306 a multiple of 5?
False
Is 502 a factor of 47412394?
True
Is 244 a factor of 813868344?
True
Is 4 a factor of 723296887?
False
Is 123 a factor of 193885884?
True
Is 1723 a factor of 106467410?
False
Is 85006386 a multiple of 11?
False
Does 594 divide 15418458?
True
Is 2460446107 a multiple of 83?
True
Is 27948813 a multiple of 364?
False
Is 1405 a factor of 7701291?
False
Is 1442378334 a multiple of 12?
False
Is 13120615 a multiple of 6?
False
Is 498430848 a multiple of 8?
True
Is 343635276 a multiple of 13?
False
Is 307975925 a multiple of 25?
True
Does 16 divide 4812113885?
False
Is 8 a factor of 1672008?
True
Is 128643115 a multiple of 224?
False
Is 45025209 a multiple of 504?
False
Is 49278288 a multiple of 48?
True
Does 2805 divide 85024871?
False
Is 41 a factor of 31097967?
True
Is 849316362 a multiple of 678?
True
Does 603 divide 114854616?
True
Does 622 divide 1021976372?
False
Is 87 a factor of 37725201?
True
Does 240 divide 39460560?
True
Does 628 divide 675010824?
True
Is 23 a factor of 668628998?
True
Does 68 divide 13204999?
False
Is 394 a factor of 19801652?
True
Is 239518593 a multiple of 2650?
False
Is 17508624 a multiple of 1948?
True
Does 60 divide 38547408?
False
Does 31 divide 23200036?
False
Is 50 a factor of 51056654?
False
Is 776472 a multiple of 2?
True
Is 16 a factor of 64093758?
False
Is 607 a factor of 1751479076?
True
Does 6013 divide 741324731?
True
Is 337 a factor of 66075536?
False
Is 2150944951 a multiple of 1007?
True
Does 593 divide 49599706?
True
Is 16591799 a multiple of 3?
False
Is 668250624 a multiple of 96?
True
Is 138 a factor of 15502542?
False
Does 64 divide 38339776?
True
Is 76195836 a multiple of 18?
True
Is 71 a factor of 2319286?
True
Does 3 divide 18032405?
False
Is 24573404 a multiple of 5?
False
Is 565336171 a multiple of 164?
False
Is 4497648 a multiple of 3?
True
Is 119802353 a multiple of 103?
False
Is 33364971 a multiple of 15?
False
Is 113347920 a multiple of 1596?
True
Does 36 divide 58336380?
True
Is 181 a factor of 2329413201?
False
Does 243 divide 2559920922?
True
Is 490987048 a multiple of 214?
True
Is 912901820 a multiple of 14?
False
Is 223417392 a multiple of 8?
True
Does 137 divide 3949240227?
True
Is 10822970 a multiple of 704?
False
Does 57 divide 28066047?
False
Is 3331 a factor of 613453615?
True
Is 701 a factor of 37202771?
True
Is 178535134 a multiple of 31?
False
Is 10276147 a multiple of 13?
False
Is 16 a factor of 498535424?
True
Is 22647907 a multiple of 684?
False
Is 56017718 a multiple of 230?
False
Is 490 a factor of 38129739?
False
Is 3 a factor of 24934382?
False
Is 1050696884 a multiple of 3308?
True
Is 12 a factor of 33697944?
True
Does 319 divide 3639964?
False
Is 4406289144 a multiple of 24?
True
Is 19104045 a multiple of 67?
True
Does 350 divide 6360130?
False
Does 307 divide 15